Is (-4)/22 - 1636/f a composite number?
False
Is (-1)/4 - (-425469)/132 prime?
False
Suppose 13*t + 19566 = 31*t. Is t a composite number?
False
Let z = -6687 + 18538. Is z composite?
True
Let r = 11441 + -2070. Is r composite?
False
Let r(d) = -107*d + 331. Is r(-24) composite?
True
Suppose 4*x - 8*x + 404 = 0. Suppose 4*q - x = -3*f + 3*q, 2*q = 10. Suppose 0 = -2*p, 65 + f = k + 5*p. Is k a composite number?
False
Let j = -15 + 16. Let k be (-2672)/(-64) - j/(-4). Let b = 187 - k. Is b composite?
True
Suppose -8*i + 7861 = 2253. Is i composite?
False
Suppose -157 = 3*u + 1511. Let f = 1010 + u. Is f prime?
False
Let p = 1 + 20. Is (-14)/p - (-539)/3 prime?
True
Let r = -465 - -1057. Let y = 843 - r. Is y a prime number?
True
Let f(x) = -205*x + 422. Is f(-9) composite?
False
Is ((-171)/45)/(13/(-97045)) composite?
True
Let t(h) be the third derivative of -237*h**4/8 - 25*h**3/6 - 26*h**2. Is t(-8) a prime number?
False
Suppose 0 = -4*k + d + 34829, -d = 3*k - 5*d - 26125. Is k a composite number?
False
Let b = 418172 - 254629. Is b a composite number?
False
Suppose -11*k = -63001 - 53346. Is k a composite number?
True
Suppose -291*u = -292*u + 223. Let h(w) = -w**3 - 4*w**2 + w - 4. Let i be h(3). Let b = u + i. Is b composite?
True
Let l(p) = 2068*p + 34. Is l(3) prime?
False
Let n = 1590 - -2725. Is n a composite number?
True
Let f(w) = 124*w**2 - 45*w + 95*w**2 + 41*w + 2. Let m be f(3). Suppose 0*y + 3*y = 5*h - 1971, 0 = -5*h - 2*y + m. Is h prime?
False
Suppose -2*w + 8 = 2*v, -3*v + w + w = -12. Suppose 5417 = v*q - 18339. Is q composite?
False
Let x be (88/11)/((6*1)/3). Suppose c - x*u = 1719, -2*c + 2*u + 3931 = 505. Is c a composite number?
True
Let o(a) = 2*a**3 - 2*a**2 + 1. Let k be o(1). Let u(h) = 149*h. Is u(k) a prime number?
True
Let i(m) = -36 + 1 + 103*m - 53*m - 56*m. Is i(-12) a composite number?
False
Let o(w) = -70*w**3 - 5*w**2 - 22*w - 2. Is o(-4) a prime number?
False
Let m(g) = -4*g - 19. Let f be m(-6). Is f*(-257)/((-4)/4) composite?
True
Let t be (14/(-6) - -3)*-11874. Is ((-2)/2)/((-7912)/t - 1) a prime number?
True
Let l(k) = 35*k - 5. Let z(w) = -71*w + 11. Let t(b) = 11*l(b) + 6*z(b). Let f be t(-7). Let u = f - -343. Is u composite?
False
Suppose -1388 = -4*y + 1560. Is y composite?
True
Suppose 2 = -4*y - 5*v, 5*y - 13 = 5*v + 7. Let z(j) = 15*j**2 + 2*j + 1. Is z(y) composite?
True
Is 7550/15 + 60/36 composite?
True
Let y(k) = -2*k**3 - k**2 + 15*k - 16. Let g be y(-7). Suppose -664 = -t - n, n - g = -5*t + 2816. Is t a composite number?
True
Suppose 5*t = 4*r - 34, 2*r = 3*t + 3*r + 17. Let z = t - -6. Suppose z*q = -q + 251. Is q a prime number?
True
Let n(a) = -28*a + 2. Let t be n(-2). Suppose 3*x = t + 29. Let f = -7 + x. Is f prime?
False
Suppose 3099 - 90 = 3*x. Suppose -2*f - 4 = 0, -x = -y - 2*f - f. Is y prime?
True
Let g = -1032 - -2196. Suppose 0 = -0*i + 3*i + g. Let b = -71 - i. Is b a prime number?
True
Suppose h + 2*h - 678 = 0. Let q be (3 + -8)/(2/h). Let l = q - -1272. Is l composite?
True
Suppose 3 = -3*o, 5*r - 2*o = 9*r - 264114. Is r a prime number?
True
Let k = 74 - 27. Suppose -171*o + 286 = -160*o. Let i = k - o. Is i a composite number?
True
Suppose -2*d - 9230 = -6*d - 2*b, 6939 = 3*d - 4*b. Is d prime?
True
Suppose -31153 = -v + 5*t, -4*t + 1 + 7 = 0. Is v a prime number?
False
Let w = 1715 - 1099. Let n = w - -1260. Suppose 4*r = -0*r + n. Is r a prime number?
False
Suppose -2*c + 4*d + 20 = 0, 0*d - 15 = 4*c + 3*d. Suppose -3*v - v + 3548 = c. Is v prime?
True
Suppose 4*f + 15 = f. Let a(c) = 69*c**2 + 4*c + 37. Let k(o) = 17*o**2 + o + 9. Let b(h) = -2*a(h) + 9*k(h). Is b(f) prime?
False
Suppose 2*w + w - 21 = 0. Let s(q) = 2*q + 10 - 2*q**2 - 5*q - 4*q + 4*q**2. Is s(w) a composite number?
False
Let h(f) = -f**3 + 13*f**2 + 3. Let b be 1*3*(-39)/(-9). Let r be h(b). Is 0/2 + 435/r a prime number?
False
Is 78166/10 - 354/(-885) composite?
False
Let i = -6 + 5. Let h be (-36)/(i + 5 + -3). Let v = -1 - h. Is v composite?
True
Let k(x) = 5331*x + 26. Is k(1) a composite number?
True
Let w(v) = 9 + 108*v + 2*v - 2. Let d = 11 - 8. Is w(d) a composite number?
False
Suppose -29244 = -22*r + 10*r. Is r prime?
True
Let q be 5 + ((-48)/4)/4. Suppose 5*g = 20, -q*n - 3*n = -5*g + 1200. Let r = -123 - n. Is r composite?
False
Let k = -4 + 6. Suppose -k*l + 5 = n + l, -2*n - 4*l + 4 = 0. Is 1413/21 - n/(-14) composite?
False
Suppose 2*t = -3*a + 4303, 7*a = 6*a - 5. Is t a composite number?
True
Let x be (-4972)/(-28) + (-12)/21. Suppose -1597 = -5*u - x. Let c = 475 - u. Is c a composite number?
False
Suppose 0*m + 2*b = 5*m - 8, m + 3*b + 12 = 0. Suppose 24*u - 21*u - 1887 = m. Is u a prime number?
False
Suppose 3*v - 79307 = -5*t, 0 = 4*t - 2*v - 66969 + 3541. Is t composite?
False
Let v(s) = 4722*s - 229. Is v(6) composite?
True
Let o(n) = -29*n**3 - 5*n**2 - 26*n - 13. Is o(-7) prime?
True
Suppose 2*h - 6 = -p, -h = -3*p + h + 42. Let d(x) = -x**2 + 11*x + 13. Let n be d(p). Is 2/n + 101 - 0 composite?
False
Let d(q) = q**3 + 5*q**2 - 5*q - 17. Let b be d(-5). Is -355*b/(-60)*3 prime?
False
Let t(k) be the first derivative of 2 - 1/4*k**4 - 4/3*k**3 + 2*k**2 - k. Is t(-5) prime?
False
Let j be 2/8 - (-2218)/(-8). Let c = j + -20. Is c/(-5) + (-6)/15 a composite number?
False
Suppose -6452 = -8*l + 3*l + g, -5*l = -3*g - 6446. Is l a composite number?
False
Suppose -414 = -3*b + b + 3*q, -5*q = -b + 221. Suppose 4*z - 4 = m, -5*m + 2 = 3*z - 24. Is (z/3)/(2/b) composite?
False
Let z(h) = 48*h - 43. Let k(m) = -m**3 + m**2 + 9. Let t be k(0). Is z(t) composite?
False
Is 3*(1/(-4))/(45/(-234420)) a composite number?
False
Suppose -3657 - 391 = 2*n. Let z = n + 3843. Is z a prime number?
False
Let z(n) = n + 13. Let p be z(-7). Let k(m) = 3*m**2 - 4*m - 6. Let l be k(p). Suppose -q + l - 7 = 0. Is q a composite number?
False
Is 1 - 1/4 - 137890/(-8) prime?
False
Let a = -74 - -116. Suppose -a = -77*x + 74*x. Is 8*x + -11 + 8 a prime number?
True
Let s(y) = 105712*y - 5. Is s(1) prime?
False
Suppose -3*v + 7024 = -4*u - 5289, 0 = -5*v - u + 20560. Is v a composite number?
False
Is (-26816)/(-36) - (-4)/36 prime?
False
Suppose -4*v + 4*d = -744, -3*v + 530 = -3*d + 7*d. Is (v - (5 + -2))/((-2)/(-4)) composite?
True
Suppose -13 = -11*f - 90. Let c = f + 64. Is c a prime number?
False
Suppose 17*r + 3*u = 18*r - 5264, 5*r + 5*u - 26380 = 0. Is r composite?
False
Let f(b) = -b**3 - 11*b**2 - 27*b - 11. Let w be f(-6). Is w/(6/(132/(-2))) composite?
True
Suppose -3*d + 0*d = -15, d - 157 = y. Let b = 278 - y. Suppose 4*n + 0*n + 415 = 3*i, 3*i - n = b. Is i a prime number?
False
Let a be -7 - 3/(-3)*-3. Is 16256/40 - 6/a a prime number?
False
Let r = 182 - -2. Is 1/(3 + r/(-62)) a composite number?
False
Suppose 3*o - 3*i - 52046 = 4867, 0 = 3*o - 2*i - 56915. Is o a composite number?
False
Is ((-28)/(-2 + 9))/((-12)/13605) composite?
True
Is (2749/8*4)/(2/4) a composite number?
False
Suppose 10589 = 2*y - t, -y = 2*y - t - 15886. Is y a prime number?
True
Let t(h) = h**2 + h - 7. Let q be t(3). Is 12/4 + q*6 a prime number?
False
Let n be 53*(-76)/5 + 24/(-60). Let p = n - -1543. Is p composite?
True
Let x be (0 + 3)/((-4)/(-12)). Suppose -2*n + x + 1 = 0. Is ((-2)/(-5))/(n/425) a composite number?
True
Suppose 8 = -m - 1. Let o(p) = -25*p - 4. Is o(m) prime?
False
Let p(l) = 4*l**3 - 2*l**2 + l - 15. Let j be p(5). Let f be (-6)/(-1 - 63/(-69)). Let x = j - f. Is x a composite number?
True
Suppose 2*v - 2023 = v. Suppose -669 = -n - 2*c, -n + 2*c - v = -4*n. Is n a prime number?
True
Let c = -241 + 91. Is (2 - 3)*(c - 7) composite?
False
Let o(m) = -m**2 + 3*m - 4. Suppose -2 = 2*b - 8. Let u be o(b). Let n(h) = -4*h - 6. Is n(u) a composite number?
True
Suppose 0 = -8*x + 51554 + 85062. Is x a prime number?
True
Suppose -w = -4*v + 1884, -2*w = -3*v + 1909 - 496. Suppose -7*g = -v - 418. Is g a composite number?
False
Suppose 6*q - q + 2*v = 55, -5*v + 34 = q. Let d(z) = 47*z - 8. Is d(q) composite?
True
Let d(c) be the third derivative of 163*c**5/60 - c**4/12 + c**3/6 + 25*c**2. Suppose 2 = b - 0*b. Is d(b) a composite number?
True
Suppose d - 2881 = -4*p, -729 = -3*p + 2*p - 2*d. Is p prime?
True
Suppose -4*k + 1 = -3. Let v(w) = 321*w**3 - w**2 + 3*w - 2. Is v(k) composite?
